{"id":84,"date":"2025-01-28T16:01:57","date_gmt":"2025-01-28T15:01:57","guid":{"rendered":"http:\/\/psychlt.cluster029.hosting.ovh.net\/?page_id=84"},"modified":"2025-12-11T22:33:05","modified_gmt":"2025-12-11T21:33:05","slug":"constellation-familiale","status":"publish","type":"page","link":"https:\/\/psychologue-sophrologue-morbihan.fr\/index.php\/constellation-familiale\/","title":{"rendered":"Constellation familiale"},"content":{"rendered":"\n<figure class=\"wp-block-image size-large\"><img loading=\"lazy\" decoding=\"async\" width=\"1024\" height=\"683\" src=\"https:\/\/psychologue-sophrologue-morbihan.fr\/wp-content\/uploads\/2025\/01\/Design-sans-titre-5-1024x683.png\" alt=\"\" class=\"wp-image-18\" srcset=\"https:\/\/psychologue-sophrologue-morbihan.fr\/wp-content\/uploads\/2025\/01\/Design-sans-titre-5-1024x683.png 1024w, https:\/\/psychologue-sophrologue-morbihan.fr\/wp-content\/uploads\/2025\/01\/Design-sans-titre-5-300x200.png 300w, https:\/\/psychologue-sophrologue-morbihan.fr\/wp-content\/uploads\/2025\/01\/Design-sans-titre-5-768x512.png 768w, https:\/\/psychologue-sophrologue-morbihan.fr\/wp-content\/uploads\/2025\/01\/Design-sans-titre-5-1536x1024.png 1536w, https:\/\/psychologue-sophrologue-morbihan.fr\/wp-content\/uploads\/2025\/01\/Design-sans-titre-5.png 1920w\" sizes=\"auto, (max-width: 1024px) 100vw, 1024px\" \/><\/figure>\n\n\n\n<div class=\"wp-block-group is-layout-constrained wp-block-group-is-layout-constrained\">\n<div class=\"wp-block-columns alignwide is-layout-flex wp-container-core-columns-is-layout-28f84493 wp-block-columns-is-layout-flex\">\n<div class=\"wp-block-column is-layout-flow wp-block-column-is-layout-flow\" style=\"flex-basis:650px\">\n<h2 class=\"wp-block-heading\"><strong>Qu&rsquo;est-ce qu&rsquo;une constellation familiale ?<\/strong><\/h2>\n\n\n\n<p>La Constellation familiale est une m\u00e9thode th\u00e9rapeutique psycho-corporelle qui met en sc\u00e8ne nos dynamiques inconscientes pour r\u00e9soudre des blocages \u00e9motionnels et des conflits transg\u00e9n\u00e9rationnels.<\/p>\n\n\n\n<p>La personne constell\u00e9e pose une probl\u00e9matique sur laquelle elle souhaite travailler. Je propose alors de choisir, parmi les participants, des personnes pour repr\u00e9senter diff\u00e9rents personnages, en lien avec cette th\u00e9matique. Classiquement, on fera entrer dans la constellation des personnages comme les parents, la fratrie, les grands-parents, les anc\u00eatres, mais aussi des parts de soi, des ressources, des arch\u00e9types&#8230;&nbsp;<\/p>\n\n\n\n<p>L&rsquo;intention de la constellation, est d&rsquo;amener le syst\u00e8me vers une nouvelle forme, pacifi\u00e9e, lib\u00e9ratrice, en accord avec ce que la personne d\u00e9sire vivre maintenant.<\/p>\n\n\n\n<h2 class=\"wp-block-heading\"><strong>Que peut-on mettre au travail dans une constellation ?<\/strong><\/h2>\n\n\n\n<ul class=\"wp-block-list\">\n<li>Un conflit ou des tensions relationnelles,<\/li>\n\n\n\n<li>Une difficult\u00e9 \u00e0 trouver sa place,<\/li>\n\n\n\n<li>Un sch\u00e9ma r\u00e9p\u00e9titif,<\/li>\n\n\n\n<li>un comportement probl\u00e9matique,<\/li>\n\n\n\n<li>Un trauma,<\/li>\n\n\n\n<li>Un blocage,<\/li>\n\n\n\n<li>Une addiction,<\/li>\n\n\n\n<li>Une \u00e9motion envahissante,<\/li>\n\n\n\n<li>Un probl\u00e8me de sant\u00e9,<\/li>\n\n\n\n<li>&#8230; etc<\/li>\n<\/ul>\n\n\n\n<p><\/p>\n\n\n\n<h2 class=\"wp-block-heading has-text-align-center\"><strong>Prochaines dates d&rsquo;ateliers<\/strong><\/h2>\n\n\n\n<p class=\"has-text-align-center\">De 10h \u00e0 18h<\/p>\n\n\n\n<p class=\"has-text-align-center\">Les 9 novembre 2025, 18 janvier et 15 mars 2026, \u00e0 Lorient et \u00e0 Vannes (56)<\/p>\n\n\n\n<p><strong>Tarifs de l&rsquo;atelier<\/strong><\/p>\n\n\n\n<p>Si vous venez entant que constell\u00e9-e :&nbsp;<strong>110 euros&nbsp;<\/strong><\/p>\n\n\n\n<p>Les constell\u00e9s posent une probl\u00e9matique qu&rsquo;ils souhaitent mettre au travail.<\/p>\n\n\n\n<p>Attention, le nombre de places pour les personnes constell\u00e9es est limit\u00e9.<\/p>\n\n\n\n<p>Si vous venez entant que repr\u00e9sentant-e :&nbsp;<strong>45 euros<\/strong>&nbsp;<\/p>\n\n\n\n<p>La place de repr\u00e9sentant-e est loin d&rsquo;\u00eatre anodine, elle permet un travail profond sur soi \u00e0 travers les r\u00e9sonances avec le personnage repr\u00e9sent\u00e9 et la constellation en cours.<\/p>\n\n\n\n<p class=\"has-text-align-center\"><a href=\"sahra.brot@yahoo.com\" data-type=\"link\" data-id=\"https:\/\/mail.yahoo.com\/d\/folders\/41?.intl=fr&amp;.lang=fr-FR\"><strong>R\u00e9servez vos places d\u00e8s que possible <\/strong>!<\/a><\/p>\n\n\n\n<p><\/p>\n\n\n\n<p><\/p>\n<\/div>\n\n\n\n<div class=\"wp-block-column is-layout-flow wp-block-column-is-layout-flow\"><\/div>\n<\/div>\n\n\n\n<div class=\"wp-block-buttons is-layout-flex wp-block-buttons-is-layout-flex\">\n<div class=\"wp-block-button\"><a class=\"wp-block-button__link has-text-align-center wp-element-button\" href=\"https:\/\/youtu.be\/QCvWW-kOJDY?si=1skt0CqOxysYOrjH\">Cliquez ICI et \u00e9coutez une MEDITATION GUIDEE pour se connecter \u00e0 ses anc\u00eatres<\/a><\/div>\n<\/div>\n<\/div>\n\n\n\n<p><\/p>\n","protected":false},"excerpt":{"rendered":"<p>Qu&rsquo;est-ce qu&rsquo;une constellation familiale ? La Constellation familiale est une m\u00e9thode th\u00e9rapeutique psycho-corporelle qui met en sc\u00e8ne nos dynamiques inconscientes pour r\u00e9soudre des blocages \u00e9motionnels et des conflits transg\u00e9n\u00e9rationnels. La personne constell\u00e9e pose une probl\u00e9matique sur laquelle elle souhaite travailler. Je propose alors de choisir, parmi les participants, des personnes pour repr\u00e9senter diff\u00e9rents personnages, en [&hellip;]<\/p>\n","protected":false},"author":1,"featured_media":0,"parent":0,"menu_order":3,"comment_status":"closed","ping_status":"closed","template":"","meta":{"footnotes":""},"class_list":["post-84","page","type-page","status-publish","hentry"],"_links":{"self":[{"href":"https:\/\/psychologue-sophrologue-morbihan.fr\/index.php\/wp-json\/wp\/v2\/pages\/84","targetHints":{"allow":["GET"]}}],"collection":[{"href":"https:\/\/psychologue-sophrologue-morbihan.fr\/index.php\/wp-json\/wp\/v2\/pages"}],"about":[{"href":"https:\/\/psychologue-sophrologue-morbihan.fr\/index.php\/wp-json\/wp\/v2\/types\/page"}],"author":[{"embeddable":true,"href":"https:\/\/psychologue-sophrologue-morbihan.fr\/index.php\/wp-json\/wp\/v2\/users\/1"}],"replies":[{"embeddable":true,"href":"https:\/\/psychologue-sophrologue-morbihan.fr\/index.php\/wp-json\/wp\/v2\/comments?post=84"}],"version-history":[{"count":7,"href":"https:\/\/psychologue-sophrologue-morbihan.fr\/index.php\/wp-json\/wp\/v2\/pages\/84\/revisions"}],"predecessor-version":[{"id":168,"href":"https:\/\/psychologue-sophrologue-morbihan.fr\/index.php\/wp-json\/wp\/v2\/pages\/84\/revisions\/168"}],"wp:attachment":[{"href":"https:\/\/psychologue-sophrologue-morbihan.fr\/index.php\/wp-json\/wp\/v2\/media?parent=84"}],"curies":[{"name":"wp","href":"https:\/\/api.w.org\/{rel}","templated":true}]}}